ive of 28*c + 0*c**r - 1/6*c**3 + 0 - c**2 - 1/20*c**5. Calculate z(0).
-2
Let d(f) = -12*f**3 - 9*f**2 + f + 51. Let o(t) = -2*t**3 - 2*t**2 + 9. Let u(b) = 2*d(b) - 11*o(b). What is u(4)?
-53
Suppose 184*w - 250*w = -396. Let h(s) = 6*s - 12 - 2*s + 0*s. Give h(w).
12
Suppose -6 = w - 3*z, 0 = 5*w + 2*z - 3 - 1. Let t(m) = w*m + 5*m**2 + 3*m - 2*m - 2*m - 1. Suppose 0 = -37*o + 95 - 132. What is t(o)?
5
Let v(n) = n**3 - n**2 - 4*n + 3. Suppose -5*y - 71 - 39 = 0. Let w = 25 + y. Suppose 5*q - w = 7. Calculate v(q).
-1
Suppose 3*k - 14 = -2*x, 0 = -4*k - 5*x + 3*x + 18. Let w = -6 + -18. Let a(m) = -9*m + 90. Let h(f) = 2*f - 19. Let l(p) = w*h(p) - 5*a(p). Determine l(k).
-6
Suppose 2*j - 28 = -3*b, -j + 26 = 3*b - 0*j. Let a(g) = -31083 - g**2 + 15540 + 2*g + 15548. Calculate a(b).
-43
Let w(l) = 9*l**3 - 19*l**2 - 5*l - 9. Let i(b) = 4*b**3 - 9*b**2 - 2*b - 4. Let f(v) = -7*i(v) + 3*w(v). Let n = -15591 - -15597. What is f(n)?
-5
Suppose 13 = -d + 2*d. Suppose 0 = -2*f - 7 + d. Suppose -z - 2*p = -0*z + f, -4*z + 4*p - 24 = 0. Let b(c) = c**2 + 7*c + 3. Determine b(z).
-7
Let m(b) be the second derivative of b**4/12 + b**3/6 - b**2/2 - b - 456. Let x(q) = q**2 - 6*q + 4. Let c be x(3). Let g = c - -5. Give m(g).
-1
Let c(k) = 8*k - 60. Let y(x) = -227*x - 28 - 224*x + 455*x. Let s(n) = -6*c(n) + 13*y(n). Determine s(4).
12
Suppose -q - i = -3, -479 + 501 = 2*q - 2*i. Let n(v) = -2*v**2 + 10*v + 20. What is n(q)?
-8
Let b(q) = -q**2 - q + 10. Let w be b(-4). Let n be 7 - (-3 - w)*(-8 + 6). Let y(r) = r**2 - 6*r + 7. Calculate y(n).
2
Suppose 7*n - 25 = 2*n. Suppose 0 = -4*m - 2*j - 4, 1 + 1 = -2*m + 4*j. Let i(l) = -l + 1. Let c(q) = q**2 - 3*q - 9. Let f(s) = m*c(s) - 2*i(s). What is f(n)?
7
Let g(d) = -d**3 - 5*d**2 + 2*d - 21. Let p be g(-6). Let o(r) = 9 + 3*r - r + p - 3*r. Determine o(9).
3
Let j(a) = a**3 + 5*a**2 + 7*a + 7. Let b be j(-3). Let g(p) = 4*p - 385*p**2 + 6 + b*p + 386*p**2. Determine g(-5).
-9
Let t(q) = -q + 5*q + 5638 + q**2 + 0*q**2 - 5686. Calculate t(5).
-3
Suppose -1121*w = -1128*w - 35. Let i(n) = n**3 + 4*n**2 - 28*n - 99. What is i(w)?
16
Let y = 476 - 402. Let z(g) = y*g - 26*g - 28*g - 21*g. What is z(2)?
-2
Let s(c) = 10 + c**3 + 6 - 10*c - 3 - 21*c**2 + 30*c**2. Suppose -11*b + 17*b + 57 = -3. What is s(b)?
13
Let u(k) be the first derivative of k**3/3 + 2*k**2 - 12. Suppose 0 = -4*q + 5*s + 29, 2*q - 30 = -q + s. Let j = 8 - q. Calculate u(j).
-3
Let l(g) = -g**2 - 28*g + 12. Suppose 2*t = -4*b - 92, -t + 2*b - 9 = 5. What is l(t)?
-48
Let v(f) = 3*f**3 - 12*f**2 + 9*f + 11. Let d be 3/12*84/7. Let n(w) = -2*w**3 + 6*w**2 - 4*w - 6. Let y(x) = d*v(x) + 5*n(x). Suppose 19 = -3*j - 2. Give y(j).
3
Let k(z) = -24195*z - 24192*z + 48369*z - 1. Suppose 3*h = 2*m + 1, 3*h - 1 = 4*m + 4. Determine k(h).
17
Let d = 9244 + -9250. Let b(x) = x**3 + 6*x**2 + 3*x - 4. Determine b(d).
-22
Let j(q) = -4*q**3 + 3*q**2 - 15*q + 29. Let g = -12316 + 12318. Give j(g).
-21
Suppose 24 - 194 = -2*h. Let n = h + -83. Suppose 2*u + 2*s - 4*s + n = 0, -u + 4*s + 14 = 0. Let q(v) = -v**3 - 6*v**2 - 7. Calculate q(u).
-7
Suppose -3*u = -3*h - 12, -2*h + u + 1 - 12 = 0. Let c(l) = -21*l - 177. Give c(h).
-30
Let v(c) be the second derivative of -c**5/20 - c**4/6 + 2*c**3/3 + 3*c**2 - 87*c - 12. Give v(-3).
3
Let w(h) = -h**3 + 7*h**2 - h - 4. Let c = -4084 - -4087. Determine w(c).
29
Let m be 7*16/(-168)*9. Let d(n) = -11*n - 18. Give d(m).
48
Let h(r) = 74*r - 18 - 5 - 122*r + 60*r. Calculate h(-5).
-83
Let t(p) = -2*p**2 + 5*p + 3. Let m(d) = 4*d + 1. Suppose 8 = -15*r + 19*r. Let h be 12/8 - 1/r. Let b be m(h). Determine t(b).
-22
Let k(j) = -j**3 - 18*j**2 - 3*j - 25. Let p(y) = -46*y + 120. Let a be p(3). Determine k(a).
29
Suppose 2*v + v = -5*b - 35, 5*b + 30 = -2*v. Let w(o) = 15*o - 24. Let g(a) = -13*a + 25. Let m(d) = v*w(d) - 6*g(d). Determine m(12).
6
Let n be -4 + (-13 + 3)/(-8 + 7). Let u(m) = m**3 - 3*m**2 - 20*m + 3. Let v be u(n). Let f(h) = -h**3 - 8*h**2 + 9*h. What is f(v)?
0
Suppose -15*p - 36 = -33*p. Let z(n) be the third derivative of 0*n**4 + 1/30*n**5 + 1/3*n**3 - 1/120*n**6 + 0 - 4*n**2 + 0*n. What is z(p)?
2
Suppose -5*i - 113 = -2*b, 8*i - 3*b = 12*i + 118. Let h(f) = 3*f + 55. Calculate h(i).
-20
Let l = 258 - 254. Suppose -l*a - 10 = 2. Let k(y) = -6*y. Determine k(a).
18
Suppose 5*o = 1 + 4. Let z be 0 - (4 - o) - -4. Let v(y) = y**2 - y**2 - 1080*y**3 + 1072*y**3. Determine v(z).
-8
Suppose 5*c = 2*w - 44, -2*c = -5*w - 18 + 107. Let u(y) = -14*y**2 + 5*y - 5*y**2 + w*y**2 + 3. Calculate u(4).
-9
Let g = 1 + 6. Let a(w) = 0*w - 7*w**2 + 2*w - g + 7*w**2 + w**2. Let i be 5 - (-12 + 11) - 11. What is a(i)?
8
Let s(v) = -3*v + 36. Let x(p) = 0*p + 12*p + 8*p - 15 + 5*p - 24*p. Let n(d) = 2*s(d) + 5*x(d). Let k = 5 + -8. What is n(k)?
0
Let i(r) = 3*r - 7. Let b = 21352 - 21344. What is i(b)?
17
Suppose 5*i = 4*k - 11, 2*i + 1 + 17 = 5*k. Let j(l) = -27*l - 2*l**3 + 2*l**2 - i + 35*l - 6*l. What is j(2)?
-5
Suppose 15 = 5*k - 5*h + 4*h, -2*k = h + 1. Let v(f) = 9*f + 11 + 47*f**2 - 1 - 46*f**k + f. What is v(-8)?
-6
Let u = -178 + 180. Suppose u*s - 14 = 4*n, 2*n + 5*s + 14 = 1. Let b(d) = -d**2 + d - 3. Determine b(n).
-23
Let i(l) = -l - 4. Let d = 82 - 63. Let m = -16 + d. Suppose -m*u - 3*u = -2*u. Calculate i(u).
-4
Let r(t) = 10*t**3 - 8*t**2 + 16*t + 15. Let i(m) = m**2 - 2*m - 3. Let x(f) = -6*i(f) - r(f). Determine x(2).
-77
Suppose -11*n - 38*n = -114 - 33. Let c(l) = 2*l**3 + 14*l - 30. Determine c(n).
66
Let h(z) be the first derivative of -7*z**2 + 24 + 1/3*z**3 - 29*z. Let g(a) be the first derivative of h(a). Give g(10).
6
Let x = -5247 - -5240. Let q(d) be the third derivative of d**5/60 + d**4/3 + d**3 + 2*d**2. Determine q(x).
-1
Let u(n) = 11*n + 320 - 471 + 480. Calculate u(-31).
-12
Let f(c) = 2*c**2 - 494*c + 3*c**3 - 2 + 494*c + 1. Suppose 9*o + 4 = 13*o. Give f(o).
4
Let k(u) = u + 20. Let a be k(-13). Let f(n) = -a - 5*n + 13*n - 6*n. Determine f(-5).
-17
Let g = 10306 - 10327. Let v(r) = r**3 + 21*r**2 + 7. Calculate v(g).
7
Let j(h) = 2*h**3 - 15*h**2 - 7*h + 2. Let k be -2*((-14)/3)/(-7)*12/(-2). Determine j(k).
10
Let z(v) = 10*v - 2. Let k(n) = -n + 3. Let s(g) = -5*k(g) - z(g). Give s(-3).
2
Let d be 2*(0 - -14 - 2). Suppose 4*b + 4*b = d. Let f(j) = j**2 - j**b - 6*j**3 + 6*j**3 + 7 + 2*j**3. Determine f(0).
7
Let k be 150/18 + 6/9. Let s be (0 - -1)/(3/k*1). Let i(r) = -s*r + 11 - 15 + r. What is i(-5)?
6
Let v be (-20)/9 - (2/12)/(87/(-116)). Let z(u) = -23*u - 46. Determine z(v).
0
Let c = 6457 + -6456. Let q(s) = -7*s + 7. Calculate q(c).
0
Let f(i) be the third derivative of 5*i**4/24 - i**3 + 3*i**2 - 52*i. What is f(3)?
9
Let i(c) = c**3 - 8*c**2 + 10*c - 9. Let d(x) = x**2 - 12*x + 7. Let m be d(12). Let s(a) = 6*a + 21. Let f be s(m). Suppose 8*g - f = -g. Determine i(g).
12
Let u(j) = 2*j + 2. Let l be 2/(-14) + (4 - (-555)/(-35)). Let z = 15 - 25. Let g = z - l. What is u(g)?
6
Let z(s) = s - 2. Let c(o) = o. Let q(x) = -6*c(x) - 3*z(x). Let a be q(-6). Let m(v) = -a*v + 7 - 66*v + 125*v. Determine m(-8).
15
Let s(p) = -57 + 3*p**2 + 6*p**2 - p + 59. Let n(m) = 5*m**2 + 1. Let r(k) = 5*n(k) - 3*s(k). Let v be r(2). Let f(b) = 4*b - 3. Give f(v).
-15
Let w(b) = 8 + 1 + 8*b + 33*b - 45*b + 10*b. Determine w(12).
81
Let v be (12/30)/(2/350). Suppose 7*l - 2*l - v = 0. Suppose -d + 7 - l = 0. Let q(u) = -2*u + 1. Calculate q(d).
15
Let l(h) = -2*h**3 + 10*h**2 + 12*h + 1. Let p(x) = -x**3 + 22*x**2 + 58*x - 234. Let t be p(24). What is l(t)?
1
Suppose -81 + 208 = -9*u - 125. Let f(m) = -m**2 - 19*m + 254. Determine f(u).
2
Let l(h) = -56*h - 612. Let g be l(-11). Let d(q) = -q**2 - q + 8. Calculate d(g).
-12
Let v(h) = -8*h + 1. Let j(u) = 17*u - 39. Let b(i) = j(i) + 2*v(i). Give b(10).
-27
Let t(o) = o**3 - o**2 - 22. Suppose 160 + 380 = 9*h. Let m = h + -60. What is t(m)?
-22
Suppose -2*b - q + 3 = 0, -13 = 5*b - 2*q + 2. Let z(c) = 19*c**2 - 5*c**2 - 6*c**2 + 1 + c**2 + 675*c - 673*c. What is z(b)?
8
Let v(z) = -z**2 + 2. Let p be v(0). Let n(i) = -3 - 3*i - 4 + p + 7. Suppose 4*j = 3 - 19. What is n(j)?
14
Let c(k) = -3*k + 123. Let w(l) = l - 32. Let t(d) = -c(d) - 4*w(d). Let o(m) = -6*m. Let a be o(2). Let g = -6 - a. Calculate t(g).
-1
Let f(o) = -5 